. Suppose 100*a + 232*a + 1017 = -2303. What is d(a)?
1
Suppose -3*o + 3 = -5*z, 4*o - z - 4 = -5*z. Let i(t) be the first derivative of 25*t**3/3 - t - 15052. Determine i(o).
24
Let q(u) = 4*u**3 + 7*u**2 - 4*u. Let x(v) be the third derivative of v**6/40 + 3*v**5/20 - 5*v**4/24 + 2*v**2 - 18. Let k(c) = -5*q(c) + 4*x(c). What is k(1)?
-7
Let f = -6865 + 6870. Let s(x) = -x**2 + 9*x - 27. Give s(f).
-7
Let i(o) be the first derivative of -14*o**3/3 + o**2/2 + 2*o - 563. Calculate i(2).
-52
Let p(t) = -t - 1. Let m = -1210 - -688. Let i = 519 + m. What is p(i)?
2
Let t(d) = -d - 14. Suppose -5*w = -1749 + 84. Let r = w - 343. Calculate t(r).
-4
Let r(s) be the second derivative of 2*s**3/3 - 57*s**2/2 + 6*s + 3. Give r(15).
3
Let j be 2 + (-1)/((-2)/(-4)). Let a = 931 + -925. Let o(m) = 4*m + 3*m - a*m + 0*m - 5 - 2. What is o(j)?
-7
Let x(h) be the second derivative of h**5/20 + 2*h**4/3 + 5*h**3/6 + 2*h**2 - 172*h. What is x(-7)?
18
Let p(m) be the second derivative of -m**3/2 + 8*m**2 - 2572*m. Determine p(-8).
40
Let v(j) = 8*j - 26. Let g = 3125 + -3121. Calculate v(g).
6
Suppose 0 = -21*n - 83 - 43. Let f(c) = -c**2 + 2*c - 11. Let s(v) = -3*v**2 + 4*v - 22. Let p(y) = 5*f(y) - 2*s(y). Give p(n).
13
Let o = 237131 - 237132. Let z(p) be the first derivative of -23*p**4/4 - p**3/3 - p**2/2 - p - 2. What is z(o)?
22
Let s(k) = -11*k - 26. Let i be ((-2)/(8*1))/((-2145)/(-240) - 9). Give s(i).
-70
Let l be -1*9*(-184)/(-72). Let s(c) = -c**3 - 24*c**2 - 23*c + 7. What is s(l)?
7
Let l be ((-684)/(-42))/(-2) - (-8)/56. Let n(x) = x**2 + 8*x + 28. Calculate n(l).
28
Let i(h) be the second derivative of -1/20*h**5 + 1/2*h**2 + 4/3*h**3 - 12*h + 5 - 2/3*h**4. Determine i(-9).
10
Let a(c) be the third derivative of c**5/60 + 5*c**4/24 - 5*c**3/6 + 317*c**2 - c - 3. Give a(5).
45
Let w(t) be the first derivative of 11*t**2/2 + 49*t + 1909. Give w(-5).
-6
Let z(m) = 18*m - 12*m + 34 - 10*m + 5*m - 12. Suppose 29 = -4*i - 35. What is z(i)?
6
Let a(k) be the second derivative of -k**3/2 - 5*k**2 + 744*k - 1. Determine a(-10).
20
Let a(m) be the second derivative of -m**5/20 + m**4/3 + 4*m**3/3 - m**2/2 + 863*m. Determine a(3).
32
Let q = -22 - -25. Let u(m) = -2*m - m + 4*m - q*m**2 - 1 - m**3 - 2. Suppose 4*g + 3*k + 6 + 0 = 0, 5*g + 3*k = -9. What is u(g)?
-6
Suppose -2*f = 3*f + 80. Let b = f + 23. Let k(o) = 131*o + 2. Let s(l) = -654*l - 9. Let v(q) = -5*k(q) - s(q). Give v(b).
-8
Let h(w) be the second derivative of -4*w**3/3 - 32*w**2 + 29*w + 6. Calculate h(-6).
-16
Let i(g) = -g**2 + 8*g + 2. Suppose -3*s + 2*s = -2. Let f(n) = -n**s - n**2 + 39*n + 7 - 3*n**2 + 4. Let d(p) = -2*f(p) + 11*i(p). What is d(7)?
21
Let l(o) = -o**2 + 1. Let n be l(1). Let s(z) = 9049 - z + 0*z - 9058. What is s(n)?
-9
Let x(n) = -n**3 - 5*n**2 + 6*n - 3. Let p be (-136)/(-14) + 12/42. Let g be 9 - 1 - 4 - p. Calculate x(g).
-3
Suppose -26*i + 241 - 33 = 0. Let t(u) be the first derivative of u**3/3 - 11*u**2/2 + 18*u + 22. Determine t(i).
-6
Let v(r) = 0*r - 4*r - 174 - 227 + 400. What is v(-2)?
7
Let g(k) = -3*k**3 - k**2 - k + 1. Let a be g(1). Suppose 5*u - 2 = 2*u + 2*m, 2 = m. Let i(y) = 0*y**u + 4*y**2 + 6*y - 4*y**3 + 5*y**3 - 3*y + 6. Give i(a).
-6
Suppose -2*f + 28 = -4*l, 3*l = -5*f - 9 - 25. Let j(w) be the third derivative of w**5/60 + w**4/4 - 4*w**3/3 - 11*w**2 - 5. What is j(l)?
8
Let v(q) be the first derivative of -q**3/3 - 2*q**2 + 6*q - 1. Let u be v(-5). Let b(a) = 17*a - 36*a - 3 + 2 + 24*a. What is b(u)?
4
Let a(h) = 17*h + 50. Let n(i) = -3*i - 10. Let u(j) = -2*a(j) - 11*n(j). Let f be u(19). Let s(z) = z**3 + 9*z**2 - z - 6. What is s(f)?
3
Let q(l) = -l**2 - 5 + 3 - 3 - 6*l. Let f(t) = -4*t**2 - t - 1. Let i(n) = -21*n**2 - 36*n - 208. Let v(u) = -5*f(u) + i(u). Let x be v(-22). Give q(x).
0
Let v(j) be the third derivative of j**6/40 - j**5/60 - j**4/8 + j**3/3 - 3272*j**2. What is v(3)?
65
Let q(k) = 2*k**3 - 48*k**2 + 52*k + 9. Let t(y) = 2*y**2 - y + 29. Let b(o) = -q(o) + 3*t(o). Determine b(26).
0
Let r(j) = 18*j - 88. Suppose -36 = 4*c - 3*i, 9*i - 4*i + 4 = -4*c. Let f(v) = -2*v + 10. Let u(t) = c*r(t) - 52*f(t). Give u(7).
-20
Let w be (100 + -56)*8/16. Let c(p) = p - 53. Determine c(w).
-31
Let j = 1842 + -1836. Let h(q) = 2 - 5*q + q**3 + 1 - 6 - 5*q**2. Give h(j).
3
Suppose 0 = s + 4*c - 13, 4*s - 4*c + 0 = 12. Let f(v) = -9*v - 16. Let x be f(-2). Let j(p) = -p**3 - 98*p + 2 + 4*p**x + 1 + 102*p. Give j(s).
-2
Let w(m) = -233*m - 272*m + 479*m - m**2. Determine w(-20).
120
Let p(k) = 7*k - 2*k - 31 - k - 3*k + 33. Let h(z) = -z**3 - 5*z**2 - 7*z - 4. Let f be h(-4). Determine p(f).
10
Let o(v) = -v**3 - 10*v**2 - 8*v + 5. Let i(a) = a**3 - 2*a**2. Let w(y) = -y**3 - y**2 + 3*y - 6. Let h(t) = -2*i(t) - w(t). Let m be h(5). Calculate o(m).
-4
Suppose 4*g = 2*u - 56, -2*g + 3*g + 23 = -4*u. Let w = 18 + g. Suppose t = 3*s - 3*t - 28, -w*s = -3*t - 24. Let y(z) = -z**3 + 5*z**2 - 2*z - 3. Give y(s).
5
Let k(r) be the second derivative of -1/3*r**3 + 51*r + 5/2*r**2 + 1/20*r**5 + 1/3*r**4 + 0. Suppose -8*i - z - 25 = -3*i, -5 = i + 5*z. Calculate k(i).
-10
Let b(s) = 3*s - 33. Suppose -x + 153 = 2*q, 73*q = 74*q + 4*x - 80. Suppose 4 - q = -5*h - 3*w, -3*w - 12 = -2*h. Calculate b(h).
3
Let b(a) = a**3 + 129*a**2 + 2088*a - 203. Let m be b(-110). Let r(p) = p**2 - 12*p + 29. Give r(m).
114
Let v(q) = 2*q + 49 + 59 + q - 151 + 51. Suppose -d - 5*k = 18, -k = -5*d + 3*k + 26. Let g(j) = j + 3. Let n(y) = d*v(y) - 7*g(y). Calculate n(-8).
3
Let n(w) = -1521*w**2 + 518*w**2 - 6 + 503*w**2 + 516*w**2. Give n(-2).
58
Let q(s) = -s**2 - 20*s - 3. Let h(u) = 2*u + 2*u**2 - 1 - 3 - 59*u - 4 - 5*u**2. Let r(l) = 6*h(l) - 17*q(l). Calculate r(4).
-21
Let p(g) = 25*g**2 - 2*g - 24*g**2 + 14 + 22*g + 4. Determine p(-11).
-81
Suppose 7 = 20*m - 21*m. Let s(t) = 8*t**3 - 7*t**2 - t - 15. Let c(k) = -7*k**3 + 5*k**2 + k + 14. Let x(q) = m*c(q) - 6*s(q). Calculate x(-7).
-1
Let i = 20/33 - 7/66. Let g(u) be the second derivative of -29*u - 11/6*u**3 + i*u**2 + 0. Determine g(1).
-10
Let s(r) = 46*r + 225. Let z be s(-5). Let y(f) = -f**3 - 4*f**2 + 8*f + 11. Calculate y(z).
-4
Let p(a) be the second derivative of -a**4/12 + 7*a**3/6 - 2*a**2 - 59*a + 19. Determine p(8).
-12
Let c(f) = f**3 + 8*f**2 - 24*f - 41. Let m = -874 - -864. Calculate c(m).
-1
Let p(r) = 19*r - 309. Let y(u) = -2*u + 26. Let x(v) = 2*p(v) + 22*y(v). Determine x(-11).
20
Let m(z) be the second derivative of z**4/12 - z**3/3 - 3*z**2/2 + 1768*z. Let y be 28/(-35) - 8/(-10). Give m(y).
-3
Let x(c) = c - 1. Let f(s) = 5*s + 3. Let t(z) = z**3 + 18*z**2 - 5. Let k be t(-18). Let g be f(k). Let h = -19 - g. Calculate x(h).
2
Let v(z) = -2*z**2 - 41*z - 67. Let p(s) = -s**2 - 22*s - 34. Let r(b) = -5*p(b) + 3*v(b). Determine r(-13).
-31
Let n(t) = -t + 10. Let f = 260 + -261. Let y be (-11 - f)*(-36)/72. Calculate n(y).
5
Let v(l) = l**2 - l - 9. Let q = -146 - -416. Suppose -4*d = -4*o - 82 - q, -280 = -3*d - o. Let h = d - 92. What is v(h)?
-9
Let d(m) be the second derivative of -5/3*m**3 + 1/2*m**2 + 12*m - 1. Determine d(2).
-19
Let o(p) be the third derivative of p**5/3 + p**4/8 + p**3/3 + 5*p**2 + 11*p. Calculate o(-1).
19
Suppose 11*m + 32 - 98 = 0. Let s(l) = -11*l + 1. Let b(u) = -12*u + 1. Let x(r) = m*s(r) - 5*b(r). Let j be 10/(-6) + 2 + (-7)/3. What is x(j)?
13
Suppose 0 = -4*y - y. Suppose y*o - 4*o - 4 = 0. Let n(r) = -r**2 + 6*r + 26. Let x(f) = -2*f**2 + 4*f + 17. Let v(s) = -2*n(s) + 3*x(s). Determine v(o).
-5
Let p(z) = 50*z - 188. Let b(x) = -138*x + 566. Let m(t) = -5*b(t) - 14*p(t). What is m(-19)?
-8
Let x be -2*(-3 - (-7)/2). Let z(q) = 2*q + 140. Let i(s) = 5*s + 698. Let u(w) = -i(w) + 5*z(w). What is u(x)?
-3
Let g(w) = 8*w + 231*w**3 - 50*w**3 + 6 - 4*w**2 - 182*w**3. Determine g(-5).
-9
Let g(n) = n**2 + 3*n - 4. Let s be g(-3). Let m(w) be the first derivative of w**2 - 4*w - 9456. What is m(s)?
-12
Let d(r) = r**2 + 5*r - 5. Let f = -394 + 169. Let p = f + 219. Determine d(p).
1
Let f(x) = -x**3 + 7*x**2 - x + 8. Suppose -4*t = j - 5*j - 16, -t = 4*j - 4. Suppose 3*s + 3*i - 9 = j, i + 12 = -2*i. Determine f(s).
1
Let k(m) = m**2 + 20*m + 27. Suppose 4*z = -4*j - 60, -5*z = 2*j + 28 - 13. What is k(j)?
27
Let n(b) = -8*b**2 + 4*b - 2. Let h(